What is the highest common factor of 7038 and 2142?
306
Calculate the highest common factor of 6506 and 16.
2
Calculate the highest common divisor of 416890 and 14192.
1774
What is the highest common factor of 8680 and 10024?
56
Calculate the greatest common factor of 10351 and 4037.
11
What is the greatest common factor of 1340 and 590?
10
What is the greatest common divisor of 2377335 and 15?
15
Calculate the highest common divisor of 206875 and 331.
331
Calculate the highest common divisor of 48 and 151656.
24
Calculate the greatest common divisor of 23092 and 276.
92
Calculate the highest common factor of 55 and 84139.
11
What is the greatest common factor of 47686 and 633?
211
What is the highest common factor of 5025961 and 145?
29
What is the highest common factor of 344 and 4568?
8
What is the highest common factor of 1073115 and 60?
15
What is the highest common divisor of 2440 and 430904?
488
Calculate the highest common divisor of 5567 and 13661.
19
Calculate the greatest common factor of 59 and 3105229.
59
Calculate the greatest common factor of 1240 and 3565.
155
Calculate the highest common divisor of 280 and 36280.
40
What is the greatest common factor of 1470 and 26355?
105
Calculate the greatest common divisor of 461705 and 1070.
535
What is the highest common factor of 4311 and 1692?
9
What is the highest common factor of 179540 and 100580?
940
What is the highest common divisor of 17214 and 19?
19
Calculate the highest common factor of 103922 and 455.
91
Calculate the greatest common factor of 1288 and 198996.
644
What is the greatest common divisor of 45982 and 4233?
83
What is the greatest common divisor of 58093 and 357?
7
Calculate the greatest common divisor of 4 and 2527604.
4
Calculate the greatest common factor of 60885 and 1435.
205
What is the greatest common factor of 9569 and 112?
7
What is the highest common factor of 12 and 7605876?
12
What is the highest common factor of 36 and 1458948?
12
Calculate the greatest common factor of 164 and 509712.
164
Calculate the greatest common factor of 70 and 207530.
10
What is the greatest common divisor of 66904 and 32?
8
What is the greatest common factor of 1793659 and 826?
413
Calculate the highest common factor of 210948 and 36.
12
What is the greatest common divisor of 59 and 1956912?
59
Calculate the greatest common factor of 56 and 115255.
7
What is the highest common factor of 73572 and 192?
12
What is the highest common divisor of 2866524 and 12?
12
What is the greatest common factor of 19096 and 66619?
217
What is the highest common divisor of 30862 and 4?
2
Calculate the highest common factor of 11106 and 228.
6
Calculate the highest common factor of 226780 and 493.
493
What is the greatest common divisor of 32 and 558464?
32
What is the highest common divisor of 1281574 and 14?
14
Calculate the highest common divisor of 2360 and 3880.
40
Calculate the greatest common factor of 698214 and 1650.
66
Calculate the greatest common factor of 1442476 and 252.
28
Calculate the highest common divisor of 642512 and 39.
13
What is the highest common divisor of 6421215 and 1590?
795
Calculate the greatest common divisor of 14791 and 77.
7
Calculate the greatest common factor of 4128 and 246992.
688
Calculate the highest common divisor of 1026 and 157491.
513
What is the greatest common factor of 428 and 565709?
107
What is the greatest common divisor of 70 and 34?
2
What is the highest common factor of 674765 and 25211?
1483
What is the greatest common divisor of 14136 and 1938?
114
What is the greatest common divisor of 12 and 49304?
4
Calculate the highest common factor of 8616 and 216.
24
Calculate the highest common divisor of 136875 and 64605.
1095
Calculate the greatest common factor of 116842 and 1582.
226
Calculate the greatest common divisor of 2242 and 17176.
38
Calculate the greatest common divisor of 6416 and 800797.
401
What is the greatest common divisor of 11099 and 53477?
1009
What is the greatest common factor of 149392 and 8?
8
What is the greatest common factor of 129685 and 2035?
185
What is the greatest common divisor of 75189 and 18105?
213
Calculate the highest common divisor of 4887770 and 40.
10
Calculate the greatest common factor of 7145342 and 2036.
1018
Calculate the highest common factor of 1612 and 390507.
403
Calculate the highest common divisor of 65091 and 624.
39
What is the highest common factor of 2105 and 2420?
5
Calculate the greatest common factor of 456 and 32433.
57
What is the greatest common divisor of 64392 and 24?
24
What is the greatest common divisor of 105 and 4230?
15
Calculate the greatest common divisor of 175028 and 19.
19
Calculate the highest common factor of 10440 and 50170.
290
What is the greatest common divisor of 114147 and 33?
33
Calculate the highest common factor of 330 and 28.
2
What is the greatest common divisor of 118 and 32037?
59
Calculate the highest common divisor of 1273072 and 112.
16
What is the greatest common divisor of 8250 and 858?
66
Calculate the greatest common divisor of 968317 and 14.
7
What is the greatest common factor of 39 and 717?
3
What is the greatest common divisor of 46908 and 36?
36
What is the greatest common factor of 101 and 24240?
101
Calculate the highest common divisor of 284690 and 4648.
1162
Calculate the highest common factor of 169950 and 25.
25
What is the greatest common factor of 218504 and 2132?
52
What is the highest common divisor of 6150 and 1605?
15
Calculate the greatest common divisor of 56499 and 6617.
509
Calculate the greatest common divisor of 1170 and 4628130.
390
What is the highest common factor of 2295 and 255?
255
Calculate the greatest common divisor of 1064 and 1561420.
532
What is the greatest common factor of 865 and 3455?
5
Calculate the greatest common factor of 29181 and 2982.
213
Calculate the greatest common divisor of 36639 and 54.
27
Calculate the highest common factor of 639 and 804927.
213
What is the highest common divisor of 581882 and 14?
14
Calculate the greatest common divisor of 17 and 24536.
1
Calculate the highest common divisor of 3472 and 1232.
112
What is the highest common divisor of 22344 and 546?
42
What is the greatest common factor of 35 and 854483?
7
Calculate the highest common factor of 2376 and 43032.
264
Calculate the highest common factor of 500654 and 44.
22
What is the highest common divisor of 12 and 7977?
3
What is the highest common divisor of 202302 and 54?
18
What is the highest common divisor of 715 and 36905?
55
What is the highest common factor of 118503 and 1064?
133
Calculate the greatest common factor of 5328 and 9028.
148
What is the greatest common factor of 807 and 2108691?
807
What is the highest common divisor of 289 and 755089?
17
What is the greatest common factor of 219 and 38967?
3
Calculate the highest common factor of 130935 and 427.
7
Calculate the greatest common factor of 11026 and 814.
74
What is the highest common divisor of 1659 and 1029?
21
What is the highest common factor of 444 and 11516?
4
Calculate the greatest common factor of 1581 and 640119.
93
Calculate the greatest common divisor of 522750 and 1435.
205
What is the greatest common factor of 1377 and 3791?
17
Calculate the greatest common divisor of 384 and 1393488.
48
Calculate the highest common divisor of 2089 and 1641954.
2089
Calculate the greatest common factor of 171 and 4303899.
171
Calculate the highest common divisor of 76058 and 646.
34
What is the highest common divisor of 3827 and 90602?
89
What is the greatest common divisor of 371700 and 140?
140
What is the greatest common factor of 2277821 and 182?
91
Calculate the greatest common factor of 6156 and 8379.
171
What is the highest common factor of 2740 and 80?
20
What is the highest common divisor of 20576 and 432?
16
Calculate the greatest common divisor of 189744 and 22656.
2832
Calculate the highest common factor of 41075 and 108438.
1643
Calculate the highest common divisor of 898 and 35471.
449
Calculate the greatest common divisor of 138267 and 1377.
81
Calculate the highest common factor of 275 and 5665.
55
What is the highest common factor of 720 and 1391040?
720
What is the greatest common divisor of 98 and 11283818?
98
Calculate the greatest common f